29a26 + -1301?
-2b127
In base 6, what is -154412430 - 23?
-154412453
In base 16, what is 62f2 + -261?
6091
In base 7, what is 12 + -226032441?
-226032426
In base 12, what is 11 + -8b049b?
-8b048a
In base 3, what is -101 - 1220211202021200?
-1220211202022001
In base 8, what is 5200 - -21277?
26477
In base 8, what is 31567577 - 2?
31567575
In base 2, what is 100100 - 11001101110000011?
-11001101101011111
In base 9, what is 3 - 55136842?
-55136838
In base 4, what is -313 - 3003123311?
-3003130230
In base 15, what is -1e0c + -3e04?
-5d11
In base 10, what is 171 - -732283?
732454
In base 6, what is -151422 - -1054103?
502241
In base 3, what is -1211 - 220122220011?
-220122221222
In base 10, what is 38375 + -60?
38315
In base 14, what is 137b2d4 - -b?
137b301
In base 9, what is -15884663 + 31?
-15884632
In base 2, what is 1000101100000101010 - -100111101?
1000101100101100111
In base 14, what is -51875 + b2?
-517a3
In base 7, what is -3 - -2142422?
2142416
In base 10, what is -1050636 + -140?
-1050776
In base 15, what is 14a18953 + 2?
14a18955
In base 2, what is 10000 - -100101010011010100011111?
100101010011010100101111
In base 5, what is 201 - 12132314?
-12132113
In base 7, what is 10655513 + -1001?
10654512
In base 6, what is -4243342211 + -4?
-4243342215
In base 3, what is 102102010 - 210202?
101121101
In base 14, what is -3b + -121310?
-12134b
In base 2, what is -10 - -110001110010101110101111111?
110001110010101110101111101
In base 5, what is 1434130013 + -33?
1434124430
In base 10, what is 3 + 82885015?
82885018
In base 11, what is -4 - 57016612?
-57016616
In base 12, what is 1 + -48109338?
-48109337
In base 2, what is -10101001001 - 110110111111110?
-111001101000111
In base 3, what is 11212222211210112 + 0?
11212222211210112
In base 8, what is -4740 - -3412?
-1326
In base 11, what is -a795 + 4150?
-6645
In base 3, what is 10200200110111211 + 12?
10200200110112000
In base 3, what is 12110100000001 + -2?
12110022222222
In base 2, what is -100110101110111 + 10101100010?
-100100000010101
In base 8, what is 270316 - 35?
270261
In base 7, what is 21 - -254021?
254042
In base 8, what is -13 - 652713?
-652726
In base 10, what is -3 + -3448933?
-3448936
In base 3, what is 2122011 + -110102012?
-100210001
In base 7, what is 462020 + 15?
462035
In base 16, what is -236ad7 - 15b?
-236c32
In base 6, what is -13111130142 - -1?
-13111130141
In base 8, what is -2042404 - 125?
-2042531
In base 16, what is -21b1 + -1d7?
-2388
In base 9, what is 225747063 - 4?
225747058
In base 13, what is 4c - -37751?
377a0
In base 4, what is 110123 + 112313113?
113023302
In base 3, what is -2021102211221 - -21?
-2021102211200
In base 9, what is -357287 - 65?
-357363
In base 11, what is 4 + -1907310?
-1907307
In base 7, what is 404452 + -22263?
352156
In base 7, what is 11 + 55353556?
55353600
In base 12, what is -245 - 3642?
-3887
In base 4, what is -1 - -103033230211?
103033230210
In base 16, what is -1e7c4 - -2f8?
-1e4cc
In base 12, what is -32 + -25a14?
-25a46
In base 12, what is 514a + -a669?
-551b
In base 7, what is -130 - 3163526?
-3163656
In base 8, what is -130021 + -2103?
-132124
In base 6, what is -305 - -2444553?
2444244
In base 4, what is 1120 - 20232022?
-20230302
In base 15, what is c74c66 + 0?
c74c66
In base 15, what is -7bb5 - -1b68?
-604c
In base 7, what is 2 + 33643430?
33643432
In base 12, what is aab320 - -9?
aab329
In base 9, what is 5484 + -7746?
-2252
In base 6, what is -400500 + -24313?
-425213
In base 4, what is 2012213202 + -210120?
2012003022
In base 4, what is 12 + -2303000232?
-2303000220
In base 2, what is 100100110101000010111 + 100?
100100110101000011011
In base 9, what is 23 + 4018501?
4018524
In base 11, what is 73930 + 35?
73965
In base 13, what is -4 - -14306a7?
14306a3
In base 9, what is 408 - 3463444?
-3463035
In base 3, what is -1001 + 2220022220?
2220021212
In base 7, what is 645343665 + -26?
645343636
In base 15, what is 5 - -112b5b2?
112b5b7
In base 10, what is 15 + -2177213?
-2177198
In base 13, what is 3ba - 3c631c?
-3c5c32
In base 16, what is -bb627 - -a0?
-bb587
In base 15, what is -2 - 56200bb?
-56200bd
In base 12, what is -1 + -34740b32?
-34740b33
In base 14, what is 53713 + 11?
53724
In base 7, what is -35346 + 11126?
-24220
In base 2, what is -1110 - -110011011011111010110?
110011011011111001000
In base 6, what is -2030 - 35002004?
-35004034
In base 3, what is -1200201020 + -111?
-1200201201
In base 7, what is -6 - 105634005?
-105634014
In base 12, what is -6b50a088 + -3?
-6b50a08b
In base 2, what is -10010000011 - -10001101001100101?
10001010111100010
In base 15, what is 4 - 699ea1e?
-699ea1a
In base 12, what is 3 - 3235a8a?
-3235a87
In base 8, what is 647455427 - -5?
647455434
In base 11, what is -8 - 155352?
-15535a
In base 7, what is -352 + 110341?
106656
In base 9, what is -10442533 - -7?
-10442525
In base 16, what is -37 - -a54fca?
a54f93
In base 15, what is -d + -174738?
-174746
In base 4, what is 20210 - 203120331?
-203100121
In base 7, what is -1052443 + -623?
-1053366
In base 14, what is 2140763 - 3?
2140760
In base 3, what is -1 - -11001112110012?
11001112110011
In base 3, what is 21121201 - 20200010?
221121
In base 9, what is -11 - 14220178?
-14220200
In base 13, what is 692b9 + 2?
692bb
In base 2, what is 1000000110 + -11011010101000010?
-11011001100111100
In base 6, what is 253313120 + -1?
253313115
In base 8, what is 72465401 + -4?
72465375
In base 6, what is 1013044400 + 3?
1013044403
In base 3, what is -210 - -210200001111?
210200000201
In base 14, what is -3 + 347490?
34748b
In base 8, what is -14 + -2312350?
-2312364
In base 14, what is 2b04 - 127?
29bb
In base 2, what is 11101001011010011000 + -10001100?
11101001011000001100
In base 13, what is 4c35 + 971?
58a6
In base 13, what is 1235 + 15b0?
2815
In base 9, what is 270 - -1585163?
1585443
In base 9, what is 2 + 5552066?
5552068
In base 8, what is 2435 - -3132410?
3135045
In base 15, what is 20 - 49e74c?
-49e72c
In base 5, what is -1241440321 - -443?
-1241434323
In base 7, what is -41 - 56432?
-56503
In base 12, what is 19 - -16589a?
1658b7
In base 14, what is -74a7d + -244?
-74cc3
In base 7, what is 24336 - 2265?
22041
In base 2, what is 10111 - -11101110101001?
11101111000000
In base 12, what is 6 - -640455?
64045b
In base 3, what is 220022022021 - -1001221?
220100101012
In base 7, what is 553 - 55555?
-55002
In base 15, what is -26783 + 2ea?
-26488
In base 6, what is 121 - 3123200?
-3123035
In base 15, what is 94 - -44a8?
454c
In base 6, what is -1020133 - -205?
-1015524
In base 3, what is 120 + 1121022020021?
1121022020211
In base 10, what is 0 + 1261208?
1261208
In base 5, what is -4 + -210432132?
-210432141
In base 10, what is 29777657 + -1?
29777656
In base 9, what is -5 + -7871172?
-7871177
In base 9, what is 721 + -225410?
-224578
In base 16, what is -6fa - -1957?
125d
In base 6, what is -344 + -241432?
-242220
In base 11, what is -1a627 - 89?
-1a705
In base 2, what is 1000010101100100 + 111000000?
1000011100100100
In base 4, what is 3 + 102331030313?
102331030322
In base 16, what is 4565 + -65?
4500
In base 11, what is -17800 - -133?
-17678
In base 14, what is -75 + 83ddb?
83d66
In base 2, what is 1100111111101011 + -111001?
1100111110110010
In base 9, what is 6836005 - -17?
6836023
In base 8, what is 2736 - 4750?
-2012
In base 11, what is 49 + -11687a7?
-1168759
In base 16, what is -1 - -3d8b2e?
3d8b2d
In base 3, what is -102221200000201 - -11?
-102221200000120
In base 13, what is -4 - 61419a3?
-61419a7
In base 4, what is 20112033311 - -11?
20112033322
In base 14, what is 1 - -5c364ba?
5c364bb
In base 5, what is 40010 + 34?
40044
In base 4, what is -101130003231 + 223?
-101130003002
In base 11, what is 33706 - -3a?
33745
In base 15, what is 28d9 + de3?
37cc
In base 6, what is 435 + -2331320?
-2330441
In base 6, what is -2011 - -504413?
502402
In base 3, what is 202020210021010000 - 2?
202020210021002221
In base 7, what is -1151 - -645201?
644020
In base 15, what is 4 + 7da835?
7da839
In base 3, what is -1122201000 - -110?
-1122200120
In base 15, what is -2812 - 81c?
-312e
In base 7, what is -5 + 110536515?
110536510
In base 6, what is -1234523 + -11044?
-1250011
In base 10, what is -9 - 32016?
-32025
In base 3, what is -2 - -2012210010010?
